-13c7
In base 6, what is 113254412 - 1?
113254411
In base 13, what is -a3895 - -9?
-a3889
In base 3, what is 2 + -21022020002201022?
-21022020002201020
In base 5, what is 14 - 3321122330?
-3321122311
In base 3, what is 10111001021 - -11000?
10111012021
In base 5, what is -4421133221 + 0?
-4421133221
In base 3, what is -1 + 2022020122002?
2022020122001
In base 10, what is 1332817 + -9?
1332808
In base 15, what is -20e765e + -1b?
-20e767a
In base 14, what is 9d2d72 + -11?
9d2d61
In base 3, what is -2 + 11110200020120210?
11110200020120201
In base 5, what is -3 - 2310222313?
-2310222321
In base 16, what is 7a5 + -4f9?
2ac
In base 6, what is -135 + -122444045?
-122444224
In base 8, what is 105 - -10646257?
10646364
In base 11, what is -44556 + 689?
-43978
In base 13, what is 2b - -3c7234?
3c7262
In base 8, what is 143617774 + -5?
143617767
In base 12, what is 747a6 + 12?
747b8
In base 11, what is 676 + -8a920?
-8a255
In base 4, what is 111200 - 113323?
-2123
In base 4, what is 310 + -20132302?
-20131332
In base 5, what is -14201 + 201340?
132134
In base 14, what is 2 + c3956da?
c3956dc
In base 4, what is -13322233 - 2211131?
-22200030
In base 12, what is 2 - -30981127?
30981129
In base 6, what is -1014445 + 1532?
-1012513
In base 15, what is -29b + 4e7be?
4e523
In base 6, what is -12230 + -35010?
-51240
In base 10, what is -763898 - -290?
-763608
In base 16, what is -6fc28 - 15?
-6fc3d
In base 14, what is -4 + 13c940c?
13c9408
In base 11, what is 1051 - 39941?
-388a0
In base 4, what is -31222310013 + -1231?
-31222311310
In base 3, what is -1021011002200012021 - 1?
-1021011002200012022
In base 12, what is 5787 + 5a6?
6171
In base 15, what is 1 + 824c79?
824c7a
In base 8, what is 52111 + 1227?
53340
In base 13, what is 62a14 - -a?
62a21
In base 8, what is 2 + -121031004?
-121031002
In base 10, what is -8 - -4733149?
4733141
In base 6, what is 25243244 - 13?
25243231
In base 11, what is -1 - -1394585?
1394584
In base 4, what is 3111221 - 221?
3111000
In base 12, what is 265 - 4b99?
-4934
In base 10, what is -30145577 - -3?
-30145574
In base 5, what is 2404140 + -14402?
2334233
In base 5, what is 101 + -232101032?
-232100431
In base 13, what is -117358 + -77?
-117402
In base 4, what is -1310 + 1220300320?
1220233010
In base 4, what is 32121111330 - -2?
32121111332
In base 10, what is 37176 - 530?
36646
In base 14, what is 1 + -7d55841?
-7d55840
In base 13, what is -1988c3 + 345?
-19857b
In base 10, what is -19530 + -90?
-19620
In base 11, what is -101 - -46250?
4614a
In base 5, what is -2 + 3414300321?
3414300314
In base 14, what is d - 299d9?
-299ca
In base 15, what is 2c - a5a6?
-a579
In base 8, what is -32447 - -4733?
-25514
In base 9, what is 3723 + 57647?
62471
In base 11, what is -9067 - -5a671?
51605
In base 15, what is 4903 - -520c?
9b10
In base 2, what is -11010000110110101 + -1100000000011?
-11011100110111000
In base 6, what is 100422 - -50501?
151323
In base 16, what is dae - 753?
65b
In base 10, what is 804 - -183743?
184547
In base 16, what is -370122b - -14?
-3701217
In base 2, what is -100100101101000 + -110011010011110?
-1011000000000110
In base 6, what is 3135320 + -302?
3135014
In base 5, what is -10 - 31444140413?
-31444140423
In base 11, what is 7 - 451a60?
-451a54
In base 5, what is -33042 + 10342?
-22200
In base 8, what is -1 - 7112350?
-7112351
In base 10, what is 44 + -81725?
-81681
In base 2, what is -10111011110100100 + 100000111011?
-10110111101101001
In base 6, what is 1342432 - 21?
1342411
In base 8, what is 1320 - -12661?
14201
In base 8, what is -14547 - -1433?
-13114
In base 7, what is 1 - 321015403?
-321015402
In base 8, what is -304751272 + -5?
-304751277
In base 16, what is -1554ce - -2?
-1554cc
In base 10, what is 2 - -32846669?
32846671
In base 10, what is 15125 - -364?
15489
In base 7, what is 31402616 - 123?
31402463
In base 8, what is -113 + -45230776?
-45231111
In base 8, what is 4 - 11375431?
-11375425
In base 14, what is -17 + -7ab763c?
-7ab7655
In base 11, what is 15909a8 + 101?
1590aa9
In base 8, what is 6740112673 + 5?
6740112700
In base 6, what is 21 - 14515232?
-14515211
In base 8, what is 14646 - 35370?
-20522
In base 13, what is -2b6 - -41596?
412b0
In base 5, what is -44421 - -24011?
-20410
In base 6, what is -50343403541 + 3?
-50343403534
In base 14, what is 381c0 + -27a?
37d44
In base 2, what is -10010000001010010 + 111100?
-10010000000010110
In base 11, what is -1a98 + 6876?
4889
In base 15, what is 77ec + 9a7?
82a4
In base 12, what is 5b77619 + -4?
5b77615
In base 8, what is -121453 + -125?
-121600
In base 8, what is -5102 + -36415?
-43517
In base 5, what is -10302202300 + -4?
-10302202304
In base 6, what is 143233 + -1204555?
-1021322
In base 15, what is -23 - b94bb?
-b94de
In base 5, what is 34432 - 20044?
14333
In base 11, what is -458 - 346559?
-346a06
In base 16, what is -70053e + 15?
-700529
In base 7, what is 133126 - 2000?
131126
In base 7, what is -61335 + 105136?
13501
In base 12, what is 158aa4a - 1?
158aa49
In base 8, what is -23433372 - -10?
-23433362
In base 9, what is 103213 + -11461?
81642
In base 8, what is -1355 - -55112?
53535
In base 2, what is 0 + -11001101000110110011111?
-11001101000110110011111
In base 2, what is 10001001011001100100011111 + 1?
10001001011001100100100000
In base 8, what is 33 - 41130?
-41075
In base 12, what is 0 - 2a6a1a74?
-2a6a1a74
In base 9, what is 12752572 - 3?
12752568
In base 16, what is 3 + -1a57357?
-1a57354
In base 8, what is -47420 + 46760?
-440
In base 16, what is 7552b - -c4?
755ef
In base 10, what is -1 - 13089818?
-13089819
In base 8, what is -17 - -510020063?
510020044
In base 12, what is 1a + -83943?
-83925
In base 8, what is -251123 - 7165?
-260310
In base 10, what is 5929218 + 9?
5929227
In base 13, what is 17 - b1b96?
-b1b7c
In base 10, what is -7844801 - 0?
-7844801
In base 16, what is 6f8c4d2 - -2?
6f8c4d4
In base 13, what is -5 - -20945?
20940
In base 10, what is 3854497 + -2?
3854495
In base 3, what is -112112010020 - 1120101?
-112120200121
In base 2, what is 101101011 + 10110111110100?
10111101011111
In base 14, what is b1 - a518?
-a447
In base 5, what is 112244343 - 10?
112244333
In base 7, what is -323500020 + -5?
-323500025
In base 15, what is 5 - -64dd6d?
64dd73
In base 4, what is 3 - 22130202123?
-22130202120
In base 10, what is -18961 - -488?
-18473
In base 12, what is -286930 + 1230?
-285700
In base 15, what is -42 + -26581?
-265c3
In base 12, what is 7378a3 + -9?
737896
In base 12, what is -1298251b - -5?
-12982516
In base 12, what is -14 + 132b01?
132aa9
In base 10, what is -233661 + -561?
-234222
In base 9, what is -12 - 1700155?
-1700167
In base 5, what is 132 - 1033111?
-1032424
In base 6, what is -315025022 - -14?
-315025004
In base 16, what is a24f - 7fb?
9a54
In base 12, what is -54216 + -69?
-54283
In base 14, what is -c9 + 2723a?
27151
In base 4, what is -203101203 + -213?
-203102022
In base 3, what is 11100200122 - -2122?
11100210021
In base 9, what is -485 - -155440?
154844
In base 14, what is -3d7323 - -1?
-3d7322
In base 9, what is 126140448 + 0?
126140448
In base 2, what is -11111100010 - 101001010101100?
-101101010001110
In base 9, what is 3706212 - -2?
3706214
In base 16, what is 4 + 2fd0cb?
2fd0cf
In base 3, what is 2010020011102 - -1012?
2010020012121
In base 8, what is 3 - 3024571?
-3024566
In base 14, what is -238a42 - -9?
-238a37
In base 9, what is -6 + 275128031?
275128024
In base 8, what is -2046 + -461173?
-463241
In base 6, what is 2333530 - 141?
2333345
In base 7, what is -6413 + -104240?
-113653
In base 9, what is 4 - -17514826?
17514831
In base 2, what is 1110011001111 - 110100100010?
111110101101
In base 4, what is -13120 - -1100312332?
1100233212
In base 6, what is -34123022 - 121?
-34123143
In base 8, what is 1142344 + 75?
1142441
In base 5, what is 10 + -403020332?
-403020322
In base 10, what is -59513 - -108?
-59405
In base 14, what is 1 - -c1c5c?
c1c5d
In base 15, what is -47 - 21356?
-2139d
In base 13, what is 2c + -1807c?
-18050
In base 15, what is -569 - -a6b2?
a148
In base 7, what is -24334665 - -12?
-24334653
In base 15, what is -29 + -7348d?
-734b7
In base 11, what is 107a493 - 307?
107a187
In base 2, what is -1100011000011110101101 + -1100110?
-1100011000100000010011
In base 2, 